 -8?
-11936
In base 5, what is 212124 + -114?
212010
In base 7, what is 306 - 2013?
-1404
In base 14, what is -3320a + -4?
-33210
In base 3, what is -1020002 + 111210?
-201022
In base 9, what is 11 + 365272?
365283
In base 4, what is -211312122 + 11?
-211312111
In base 4, what is -100322302 + -10?
-100322312
In base 10, what is -1596 + 98?
-1498
In base 11, what is -29702 + 16?
-29697
In base 8, what is 5 - 573001?
-572774
In base 14, what is 1312b4 + 5?
1312b9
In base 11, what is -8 + 16407?
163aa
In base 12, what is -70 - 206b?
-211b
In base 3, what is -10112022200 + -2?
-10112022202
In base 6, what is -220 - 11340?
-12000
In base 2, what is -10 + -10100111010010?
-10100111010100
In base 6, what is -40444 - -15?
-40425
In base 12, what is 7531 - -5?
7536
In base 13, what is -4 - -1b154b?
1b1547
In base 7, what is 0 + -436465?
-436465
In base 2, what is -1 - 1000101111011100?
-1000101111011101
In base 9, what is 8 - 20548?
-20540
In base 10, what is -4919 - 24?
-4943
In base 6, what is -13 - -555023?
555010
In base 3, what is 11 + 1021122021?
1021122102
In base 3, what is -2111 + -112021022?
-112100210
In base 4, what is -33 - -22012111?
22012012
In base 16, what is 1336 - 63?
12d3
In base 13, what is 9a - 3585?
-34b8
In base 15, what is 1 + -53b?
-53a
In base 6, what is -4431 + -301?
-5132
In base 7, what is -11340 - -53?
-11254
In base 15, what is -5 - d61?
-d66
In base 13, what is 3 + 372374?
372377
In base 11, what is -3 - -5646?
5643
In base 13, what is -5 + 13ccc?
13cc7
In base 5, what is 21 - 4020423?
-4020402
In base 8, what is 5 + -142761?
-142754
In base 7, what is -2212445 - 13?
-2212461
In base 15, what is aa - -16?
c1
In base 3, what is 10010102 - 100?
10010002
In base 6, what is 23 + -41135?
-41112
In base 9, what is 30482 + 153?
30645
In base 10, what is -291 - 27?
-318
In base 12, what is -2 + -3668?
-366a
In base 8, what is -7 - -2173?
2164
In base 7, what is -153112 + -32?
-153144
In base 7, what is 54 + -4506?
-4422
In base 11, what is 5 + 3720?
3725
In base 4, what is -12221 - -1033222?
1021001
In base 3, what is -21111012111 + 11?
-21111012100
In base 15, what is 63bcc - 8?
63bc4
In base 15, what is 3d0 - -7b?
45b
In base 12, what is 1a - 244?
-226
In base 11, what is -7a860 + 0?
-7a860
In base 16, what is -765 - -356?
-40f
In base 2, what is 10000 + -1101000110010011?
-1101000110000011
In base 12, what is -3119 + -2?
-311b
In base 11, what is -3 - -34552?
3454a
In base 16, what is -4 - 6f0f?
-6f13
In base 6, what is 1055 + -30?
1025
In base 8, what is -624316 + -3?
-624321
In base 3, what is 112120201 + 0?
112120201
In base 9, what is -3 - -68683?
68680
In base 12, what is -20b623 - -2?
-20b621
In base 5, what is 40 + -4011?
-3421
In base 16, what is ff + 35?
134
In base 14, what is 53c2 + -7?
53b9
In base 8, what is 14236 + -64?
14152
In base 5, what is -124 + -300010?
-300134
In base 5, what is 2244 + 31443?
34242
In base 4, what is 1003010000 - 2?
1003003332
In base 2, what is 1000011001111000011100 - 100?
1000011001111000011000
In base 9, what is 27 - 1358?
-1331
In base 8, what is 5 - 664626?
-664621
In base 9, what is 124557 - 4?
124553
In base 8, what is -4632643 - 3?
-4632646
In base 12, what is 8bbb - 6?
8bb5
In base 11, what is -14 + -8473?
-8487
In base 3, what is -1110001121 + -222?
-1110002120
In base 15, what is -897 + -97?
-93e
In base 3, what is 1020 - 110122?
-102102
In base 9, what is 4 + 50644?
50648
In base 15, what is -4 + 129c?
1298
In base 12, what is 2 + 4106b?
41071
In base 13, what is -c87b - 1?
-c87c
In base 3, what is -10 - -2220002?
2212222
In base 12, what is -16 - 2a537?
-2a551
In base 10, what is 3 - 370792?
-370789
In base 6, what is 2310 + -310?
2000
In base 12, what is 1752b - 4?
17527
In base 15, what is a - -2442?
244c
In base 5, what is 113 + -311420?
-311302
In base 2, what is -100011 + 101100011111110?
101100011011011
In base 13, what is 17292b + -5?
172926
In base 10, what is 72774 + 0?
72774
In base 15, what is 30d4e2 + -3?
30d4de
In base 11, what is 2409 + -10?
23a9
In base 12, what is 3a3 + 2a2?
685
In base 16, what is 5 - -8b6e?
8b73
In base 8, what is 3654332 + 5?
3654337
In base 15, what is 1 + -3cd42?
-3cd41
In base 5, what is -1034012132 - -10?
-1034012122
In base 16, what is -12be5 + 1e?
-12bc7
In base 4, what is 3 - 20131201?
-20131132
In base 4, what is -1022021 + 221?
-1021200
In base 7, what is 13335221 + -2?
13335216
In base 7, what is -5016 - -146?
-4540
In base 15, what is 1 - -538c?
538d
In base 12, what is 33 + -1938a?
-19357
In base 14, what is -370b + -1?
-370c
In base 16, what is 0 + -e9061?
-e9061
In base 5, what is 240324 - -30?
240404
In base 6, what is 103 - -11235?
11342
In base 10, what is -78 - 659?
-737
In base 9, what is -12 + 1236?
1224
In base 16, what is -af + -6b?
-11a
In base 11, what is 9438 - 15?
9423
In base 12, what is 1 + 8b25?
8b26
In base 13, what is -11c60 - -5?
-11c58
In base 16, what is -3 + -c184?
-c187
In base 9, what is 3843 + -245?
3587
In base 16, what is -5 - 57ae?
-57b3
In base 10, what is 100 - 17890?
-17790
In base 13, what is 2 + -b1b67?
-b1b65
In base 3, what is 12 + -1202202211?
-1202202122
In base 14, what is -193 + 208b?
1cd8
In base 2, what is -11101 + 11111100001?
11111000100
In base 14, what is -b0 - -1a78?
19a8
In base 9, what is 41872 + -3?
41868
In base 16, what is 5 - -195e?
1963
In base 11, what is -103511 - -8?
-103504
In base 9, what is 1145242 + 4?
1145246
In base 8, what is 307 - 1506?
-1177
In base 2, what is 11011101001110010 + 1?
11011101001110011
In base 12, what is 85 + b270?
b335
In base 10, what is 3 - -7249?
7252
In base 4, what is -3 - 13331313?
-13331322
In base 2, what is 1 + -1101011100101111010?
-1101011100101111001
In base 14, what is -a + 2426?
241a
In base 5, what is -3324 + -13322?
-22201
In base 10, what is 33 + -5103?
-5070
In base 11, what is 2a030 - -4?
2a034
In base 11, what is 1570 + 4?
1574
In base 11, what is 438 + 133?
570
In base 14, what is d5 + a8?
19d
In base 14, what is 76234 - 7?
7622b
In base 4, what is -10230 + 3201?
-1023
In base 12, what is -34 + 2633?
25bb
In base 16, what is 95b + 3?
95e
In base 12, what is 4 + -566a4?
-566a0
In base 2, what is -100 - 1100110111000000?
-1100110111000100
In base 11, what is -845 + -12?
-857
In base 12, what is 3179 + 8?
3185
In base 3, what is 10011 - 2211122?
-2201111
In base 15, what is 46 - -e72?
eb8
In base 12, what is 84a + ab5?
1743
In base 4, what is -10103 + 112011?
101302
In base 8, what is -52667 + -1?
-52670
In base 12, what is 20 - -743?
763
In base 5, what is 2022 + -220023?
-213001
In base 8, what is -27 + 1232022?
1231773
In base 12, what is -10553 + 94?
-1047b
In base 5, what is 3 - -1314410?
1314413
In base 9, what is -55031 - -4?
-55026
In base 14, what is 1251 + -30?
1221
In base 10, what is 33 + 364?
397
In base 10, what is 4 + -48050?
-48046
In base 2, what is -1111100000 + 1100010?
-1101111110
In base 6, what is 202 + 104003?
104205
In base 11, what is -5 + -8388?
-8392
In base 6, what is 21 + -20525?
-20504
In base 14, what is 0 - -dc996?
dc996
In base 16, what is -2 + 475f?
475d
In base 8, what is 324443 + 3?
324446
In base 3, what is 0 + 120220101?
120220101
In base 10, what is 2 - 15011?
-15009
In base 5, what is 12000320 - 0?
12000320
In base 2, what is 1110001 + -10001110100?
-10000000011
In base 15, what is 1532 - -e?
1541
In base 12, what is -1355 - 19?
-1372
In base 11, what is 616 + -44?
582
In base 16, what is -4e49 + -5?
-4e4e
In base 9, what is 102 + -43021?
-42818
In base 6, what is 5 + 1211203?
1211212
In base 9, what is 1683 - -32?
1725
In base 8, what is 510231 + 3?
510234
In base 9, what is 27 - -2814?
2842
In base 15, what is 5625 - 24?
5601
In base 10, what is -2172 - -786?
-1386
In base 7, what is -34 - 2162?
-2226
In base 15, what is 16702 - 0?
16702
In base 2, what is 10001 - -110110110001101110?
110110110001111111
In base 4, what is -2001 + -1012232?
-1020233
In base 14, what is 164 - 22cc?
-2168
In base 13, what is -1 + 3a234?
3a233
In base 6, what is 0 + 50501555?
50501555
In base 13, what is -b89 + 60?
-b29
In base 11, what is 32a0 + 0?
32a0
In base 16, what is af59 + b?
af64
In base 5, what is 0 + -2000234?
-2000234
In base 8, what is -16 + -411742?
-411760
In base 4, what is 3 + 1033322